n 4794 is divided by 1538.
180
What is the remainder when 5341 is divided by 1065?
16
Calculate the remainder when 90254 is divided by 53.
48
Calculate the remainder when 11895 is divided by 62.
53
Calculate the remainder when 115880 is divided by 18.
14
What is the remainder when 4736 is divided by 1842?
1052
Calculate the remainder when 93017 is divided by 4890.
107
What is the remainder when 232302 is divided by 255?
252
What is the remainder when 30926 is divided by 13?
12
What is the remainder when 503 is divided by 322?
181
What is the remainder when 239964 is divided by 4067?
11
Calculate the remainder when 6394 is divided by 61.
50
What is the remainder when 8166 is divided by 302?
12
Calculate the remainder when 4966 is divided by 793.
208
Calculate the remainder when 1047 is divided by 78.
33
Calculate the remainder when 1595 is divided by 88.
11
Calculate the remainder when 2520 is divided by 23.
13
Calculate the remainder when 14609 is divided by 14592.
17
What is the remainder when 23512 is divided by 23512?
0
Calculate the remainder when 32103 is divided by 1276.
203
What is the remainder when 13143 is divided by 269?
231
What is the remainder when 43120 is divided by 19?
9
Calculate the remainder when 3569 is divided by 3525.
44
What is the remainder when 105460 is divided by 1647?
52
Calculate the remainder when 5444 is divided by 45.
44
What is the remainder when 8965 is divided by 912?
757
What is the remainder when 1775 is divided by 1090?
685
Calculate the remainder when 5150 is divided by 1690.
80
Calculate the remainder when 100052 is divided by 44.
40
Calculate the remainder when 47425 is divided by 465.
460
What is the remainder when 1526 is divided by 435?
221
Calculate the remainder when 39789 is divided by 13258.
15
Calculate the remainder when 23567 is divided by 462.
5
What is the remainder when 71771 is divided by 145?
141
What is the remainder when 28333 is divided by 90?
73
What is the remainder when 10299 is divided by 314?
251
Calculate the remainder when 3762 is divided by 937.
14
Calculate the remainder when 29892 is divided by 50.
42
What is the remainder when 535 is divided by 341?
194
What is the remainder when 11748 is divided by 1854?
624
Calculate the remainder when 3128 is divided by 556.
348
What is the remainder when 48681 is divided by 24294?
93
What is the remainder when 14 is divided by 12?
2
What is the remainder when 17595 is divided by 21?
18
What is the remainder when 2029 is divided by 2024?
5
What is the remainder when 28335 is divided by 450?
435
What is the remainder when 1744 is divided by 861?
22
What is the remainder when 49817 is divided by 6219?
65
Calculate the remainder when 2845 is divided by 945.
10
Calculate the remainder when 208508 is divided by 27.
14
What is the remainder when 69563 is divided by 99?
65
Calculate the remainder when 9275 is divided by 194.
157
Calculate the remainder when 3703691 is divided by 67.
65
Calculate the remainder when 166724 is divided by 14.
12
Calculate the remainder when 101834 is divided by 16.
10
What is the remainder when 11024 is divided by 117?
26
What is the remainder when 468 is divided by 10?
8
What is the remainder when 39947 is divided by 96?
11
Calculate the remainder when 2900 is divided by 117.
92
What is the remainder when 1980 is divided by 494?
4
Calculate the remainder when 2626 is divided by 56.
50
What is the remainder when 10492 is divided by 94?
58
What is the remainder when 29158 is divided by 54?
52
What is the remainder when 35294 is divided by 11758?
20
Calculate the remainder when 1180941 is divided by 177.
174
What is the remainder when 17705 is divided by 61?
15
Calculate the remainder when 120944 is divided by 38.
28
What is the remainder when 13242 is divided by 311?
180
What is the remainder when 4335 is divided by 2129?
77
What is the remainder when 1395 is divided by 79?
52
What is the remainder when 118937 is divided by 504?
497
Calculate the remainder when 69564 is divided by 17370.
84
Calculate the remainder when 18649 is divided by 13.
7
What is the remainder when 7724 is divided by 333?
65
Calculate the remainder when 282484 is divided by 138.
136
Calculate the remainder when 8476 is divided by 712.
644
What is the remainder when 864077 is divided by 355?
7
What is the remainder when 2544592 is divided by 13?
11
Calculate the remainder when 128804 is divided by 318.
14
Calculate the remainder when 414468 is divided by 14.
12
Calculate the remainder when 7774 is divided by 277.
18
Calculate the remainder when 4364 is divided by 26.
22
What is the remainder when 873 is divided by 428?
17
What is the remainder when 4546 is divided by 4307?
239
Calculate the remainder when 2515 is divided by 127.
102
Calculate the remainder when 1046 is divided by 133.
115
What is the remainder when 99152 is divided by 216?
8
What is the remainder when 673 is divided by 204?
61
What is the remainder when 30331 is divided by 30313?
18
Calculate the remainder when 1203 is divided by 109.
4
Calculate the remainder when 7298 is divided by 245.
193
Calculate the remainder when 15061 is divided by 67.
53
What is the remainder when 19208 is divided by 74?
42
What is the remainder when 22036 is divided by 60?
16
What is the remainder when 833544 is divided by 5?
4
Calculate the remainder when 148723 is divided by 49572.
7
Calculate the remainder when 67279 is divided by 319.
289
What is the remainder when 4499 is divided by 15?
14
Calculate the remainder when 14385 is divided by 312.
33
Calculate the remainder when 159934 is divided by 53290.
64
What is the remainder when 55208 is divided by 642?
638
Calculate the remainder when 455 is divided by 420.
35
What is the remainder when 88918 is divided by 45?
43
What is the remainder when 277071 is divided by 1226?
1221
What is the remainder when 23193 is divided by 2318?
13
What is the remainder when 210098 is divided by 220?
218
What is the remainder when 9876 is divided by 1644?
12
Calculate the remainder when 26380 is divided by 37.
36
Calculate the remainder when 2839 is divided by 170.
119
What is the remainder when 23616 is divided by 61?
9
What is the remainder when 5794 is divided by 481?
22
What is the remainder when 3824 is divided by 793?
652
Calculate the remainder when 83409 is divided by 1776.
1713
Calculate the remainder when 3093 is divided by 550.
343
Calculate the remainder when 4145 is divided by 800.
145
What is the remainder when 44175 is divided by 18?
3
Calculate the remainder when 1321 is divided by 138.
79
What is the remainder when 61569 is divided by 25?
19
Calculate the remainder when 818 is divided by 67.
14
Calculate the remainder when 70064 is divided by 337.
305
Calculate the remainder when 910798 is divided by 2516.
6
Calculate the remainder when 24311 is divided by 19.
10
What is the remainder when 2792 is divided by 906?
74
Calculate the remainder when 5436 is divided by 145.
71
Calculate the remainder when 13293 is divided by 951.
930
Calculate the remainder when 5695 is divided by 1695.
610
What is the remainder when 3041 is divided by 36?
17
What is the remainder when 4269 is divided by 1409?
42
Calculate the remainder when 10469 is divided by 194.
187
What is the remainder when 11288 is divided by 2243?
73
Calculate the remainder when 3213 is divided by 803.
1
Calculate the remainder when 3717 is divided by 1215.
72
What is the remainder when 20090 is divided by 1459?
1123
Calculate the remainder when 63471 is divided by 1154.
1
What is the remainder when 11435 is divided by 86?
83
Calculate the remainder when 9161 is divided by 569.
57
What is the remainder when 576457 is divided by 43?
42
What is the remainder when 383891 is divided by 467?
17
What is the remainder when 150706 is divided by 70?
66
Calculate the remainder when 13480 is divided by 1497.
7
Calculate the remainder when 13488 is divided by 4494.
6
Calculate the remainder when 180639 is divided by 187.
184
What is the remainder when 23951 is divided by 5979?
35
Calculate the remainder when 5089 is divided by 5075.
14
Calculate the remainder when 22747 is divided by 113.
34
What is the remainder when 1907 is divided by 135?
17
Calculate the remainder when 3750 is divided by 2857.
893
C